housands digit of b?
1
What is the tens digit of (-1502064)/(-70) + 1952/(-34160)?
5
Let x be 5/(-15)*-3*-3. Let u be (-3)/(-2*x/(-6)). Suppose 2*b + 22 = u*b. What is the units digit of b?
2
Let k(s) = s**2 - 7*s - 18. Let g be (-2115)/25 - 9/(-15). Let l be (2/3)/(8/g). What is the tens digit of k(l)?
8
Let b(c) = 444*c - 81. What is the thousands digit of b(15)?
6
Let w(b) = 150*b**2 + 61*b + 25. What is the units digit of w(-7)?
8
Let u(n) = 31*n**2 - n + 119. Let h(x) = -21*x**2 + 2*x - 79. Let j(m) = 7*h(m) + 5*u(m). What is the units digit of j(-3)?
7
Suppose 616*j - 581*j = 1294965. What is the thousands digit of j?
6
Suppose -7*l + 516 + 1327 = -150218. What is the tens digit of l?
2
Suppose 4*g + 189853 = 7*j, -49*j - 27099 = -50*j - 4*g. What is the tens digit of j?
1
Let o(u) = -u**3 - 3*u**2 + u + 202. Let w be o(0). Let a = 592 - w. What is the units digit of a?
0
Suppose -5*a + 4*y = -817, y = -0*y + 2. Let g = 287 - a. What is the tens digit of g?
2
Let q be 19416/24 - 1*-5. Let a = q + -559. What is the tens digit of a?
5
Let u = -134 - -134. Suppose -y + 5*y - 1408 = u. What is the units digit of y?
2
Let t(d) = -206*d + 1. Let h(u) = u**3 + 18*u**2 + 45*u - 3. Let f be h(-15). What is the units digit of t(f)?
9
Suppose g + 8 = y, -13 + 8 = -4*y - 5*g. Suppose -y*h = -40 + 35. What is the units digit of h?
1
Suppose 4 = -4*k, -5*k - 536 = 3*z - 138. Let q = -75 - z. Suppose 0 = -3*u + j + 124 - 5, 4*j = -2*u + q. What is the tens digit of u?
3
Let a(r) = -134*r + 52. Let k be a(-8). Let l = 1719 - k. What is the hundreds digit of l?
5
Suppose 0 = 4*x + a - 307, 4*x + 5*a = 8*x - 313. Let t = 341 - x. What is the tens digit of t?
6
Let h(a) = -a**3 - 22*a**2 + 12*a + 54. Let t be h(-22). Let u = t + 360. What is the hundreds digit of u?
1
Let i(u) = 17*u - 46. Let s be i(4). Let z(j) = 4*j**2 - 55*j + 59. What is the units digit of z(s)?
5
Let a(p) = 96*p**3 - 4*p**2 - 14*p + 12. What is the units digit of a(5)?
2
Let b = 310 + -180. Let r = b + -394. What is the hundreds digit of 4/(-3 - 798/r)?
1
Suppose 12 = -3*r + 18. Suppose 4*q = -16, -503 = -k - 0*q + r*q. What is the hundreds digit of k?
4
Let x = 1650 + 3529. What is the units digit of x?
9
Let a(h) = -20*h**3 + 3 + 10*h**2 + 21*h**3 - h - 9. Let c be a(-10). Suppose 4*f = -c*d + 572, -4*f - 426 = -3*d - 6*f. What is the hundreds digit of d?
1
Let w(c) = -2*c - 33. Let n be w(-18). Let t be (45/(-12))/(n/(-4)). What is the hundreds digit of 399/(t + 28/(-8))?
2
Suppose 2099375 + 941553 = 95*j + 231*j. What is the tens digit of j?
2
What is the hundreds digit of 1*(-4)/16 - 984696/(-96) - 0?
2
Suppose -2*o + 78296 = 5*n, 2406*o - 2409*o - 21 = 0. What is the tens digit of n?
6
Let j(o) = -45*o + 4. Let w be j(-4). Suppose -13 = -f - k, -443*k + 447*k = 2*f - 44. Suppose -l + f = -5*l, -w = -3*v + l. What is the units digit of v?
0
Suppose n = -5*n - 108. What is the units digit of (-1*(0 - n))/(3/(-242))?
2
Suppose 0 = -19*t - 2*t + 315. Let q(f) = 17*f + 30. What is the units digit of q(t)?
5
Suppose 30*x - 3 = -3. Suppose x = 4*v - 1017 - 715. What is the hundreds digit of v?
4
Let r be -3 + (-1*28 - -5)*-15. Let d = r - -502. What is the tens digit of d?
4
Let s = -874 + 7698. What is the tens digit of s?
2
Let n = -18328 - -32339. What is the hundreds digit of n?
0
Suppose 2*x + 8 = -4*v + 32, x - 2*v = -8. Suppose -x*j = -652 - 166. What is the units digit of j?
9
Let h = 87 + -135. Let b be (-1644)/h + 2/(-8). Suppose n = -0 + b. What is the tens digit of n?
3
What is the thousands digit of (-19 + 34 - 2)*((-2 - -4) + 135)?
1
Let l = -9 + 14. Suppose l*k - 56 = 3*z + 341, 0 = 2*k - 5*z - 174. What is the tens digit of k?
7
Suppose 32*a = -z + 37*a + 3558, -2*z + 7094 = a. What is the tens digit of z?
4
Let z be -2*5/((-20)/(-14)). Let k be (-270 - z)*-1*1. Suppose k = 14*t - 2495. What is the hundreds digit of t?
1
Suppose -5*j = -2*v + 1 - 10, 5*v = 4*j + 3. Suppose -v*w = 192 - 1740. Suppose -3*q = q + 5*z - 502, -w = -4*q + 2*z. What is the tens digit of q?
2
Let s(t) = t**2 + 17*t - 28. Let z be s(-19). Suppose -z*f + 26 = -9*f. What is the units digit of f?
6
Let r = 4935 + -2925. What is the hundreds digit of r?
0
Let h = 25457 + -4791. What is the ten thousands digit of h?
2
Suppose -l - 4*l + 5*p = -30, 2*l = -4*p. Suppose -5*d + l*k + 3552 = 0, 0 = -3*d + 2*k + 3249 - 1117. What is the tens digit of d?
1
Let f = -769 + 680. Suppose -y = 2*y + 171. Let o = y - f. What is the units digit of o?
2
Let x(j) = 3*j**3 + 13*j**2 - 2*j - 16. Let d(i) = -5*i**3 - 25*i**2 + 6*i + 31. Let t(n) = 4*d(n) + 7*x(n). What is the tens digit of t(10)?
1
Suppose 2*v - 1 = w, -v = 2*v + 3*w - 15. Suppose -v*z = 3*z + 25. What is the tens digit of 165/z*16/(-12)?
4
Suppose -4*w - 1351 - 114821 = -4*n, 3*n = 4*w + 87128. What is the thousands digit of n?
9
What is the ten thousands digit of (-46 + 45)*84935/(-5)?
1
What is the units digit of ((-962 + 6)/(-2))/((-2)/(-6))?
4
Suppose 0 = 2*n - 2*g - 91670, -28 = -4*g + 4. What is the units digit of n?
3
Let a = -4414 + 5932. What is the tens digit of a?
1
Let o(k) = 14*k + 1. Let g be o(-6). Let b = -76 - g. Let m(y) = -y**2 + 14*y. What is the tens digit of m(b)?
4
Suppose c - 12 = -4*n, 2 + 0 = n. Let j be 35/(-14)*c/(-5). Suppose 3*l - j*k - 92 = 2*l, 160 = 2*l + 4*k. What is the units digit of l?
6
Let r be 2 + -2 + 4 + 0. Suppose -r*y - 5*p = -165, y - p + 201 = 6*y. Suppose i + h - 40 - 12 = 0, -5*h + y = i. What is the units digit of i?
5
Let l(a) be the first derivative of -30*a**2 - 11*a + 29. Let f be l(-9). Let s = f - 326. What is the tens digit of s?
0
Suppose 0 = 51*o - 135*o + 396711 + 1815597. What is the tens digit of o?
3
Suppose -283 + 91 = -16*t. Let o = -9 + 9. Suppose o - t = -4*w. What is the units digit of w?
3
What is the tens digit of -5 - (-1 - 29)/(381/(-383) - -1)?
4
Suppose -25*b + 109714 = -3*b - 263296. What is the hundreds digit of b?
9
Suppose -29776 = 15560*v - 15576*v. What is the thousands digit of v?
1
Let u(i) = -877*i - 1470. What is the units digit of u(-5)?
5
Suppose 58*o = 83*o - 39800. What is the units digit of o?
2
Let d(m) = 163*m + 23. Suppose -61 + 56 = -v. What is the tens digit of d(v)?
3
Suppose -5*q + f = -10*q + 473, 2*q + 3*f - 184 = 0. What is the tens digit of (4 - 72/20)*q?
3
Suppose 2800 = -41*n + 16*n. Let g = n - -558. What is the hundreds digit of g?
4
Suppose -5*m - 15 = 0, 5*m - 76 + 61 = -5*r. Let d(b) = 0 + b + 6*b**3 - 4*b**3 - 5 - 11*b**2. What is the units digit of d(r)?
7
Let g be (-162)/24*(-32)/6. Let b be 2/(-9) - (-116)/g. Suppose -b*q = -180 - 0. What is the units digit of q?
0
What is the hundreds digit of (3 - 70*(-14)/(-21))*(-119 - -2)?
1
Let r be -12 + 9/(-12)*-8. Let n(k) be the third derivative of k**5/20 + 3*k**4/8 + 7*k**3/2 - 3*k**2. What is the units digit of n(r)?
5
Let w(k) = -2*k**3 + 10*k**2 - k + 9. Let m be w(5). Let t be 0/11 - (0 + -3). What is the units digit of ((-3 - -5) + t)/(m/76)?
5
Let k(b) = 4*b**2 + 93*b + 8. Let t(c) = c**2 - 16*c + 34. Let u be t(9). What is the tens digit of k(u)?
7
Let i = 62 + -57. Let q be (9/6)/((5/6)/i). Suppose -3*d = -q*d + 156. What is the units digit of d?
6
Suppose -8*z + 4*b - 387 = -3*z, -3*z - 3*b - 216 = 0. Let f = z - -78. Suppose -110 = -f*q - 8*q. What is the units digit of q?
0
Suppose -3*o = 5*o - 0*o. Suppose -1460 = -o*a - 5*a. Suppose 0*x = -3*u + 2*x + a, -484 = -5*u + 2*x. What is the units digit of u?
6
Let k(d) = d + 1. Let a be k(1). Suppose 127*q + 1976 = 140*q. Suppose -a*b + b + q = 0. What is the tens digit of b?
5
Let s be (27/(-45))/((-1)/5). Suppose -6*l + k + 355 = -s*l, l = k + 115. Suppose 2*p - l = -18. What is the units digit of p?
1
Let c(x) be the second derivative of -56*x**3/3 - 82*x**2 + 14*x + 9. What is the units digit of c(-16)?
8
Suppose 0 = b - 2*d - 9890, -3*d + 19735 = 2*b + 2*d. What is the units digit of ((-6)/(-4))/(78/b)?
0
Let n(g) = -g**2 + 13*g - 9. Let o be n(12). Suppose 3*f - o - 15 = 0. Suppose -4 - f = -5*q. What is the units digit of q?
2
Suppose -18 = -2*v + 5*b, 4*v - 5 = 2*b + 15. Suppose -x = -1, 4*j - v*x + 111 - 1287 = 0. What is the tens digit of j?
9
Suppose -4*x + 4*s + 186700 = 0, 23559 = 2*x + 2*s - 69795. What is the units digit